 4*j + 8 = 2*w. Calculate the greatest common divisor of w and 30.
6
Let p(k) = -k**2 + 8*k - 11. Let y be p(8). Let i = 24 - y. What is the highest common divisor of 5 and i?
5
Let r(v) = v + 10. Let c be r(-7). Let b be (4 - -23)/(-1 + 2). What is the highest common divisor of b and c?
3
Suppose 0*v + 2*v - 3*j = 10, 0 = 3*v - 2*j - 20. Suppose 438 - 1878 = -36*u. What is the highest common factor of v and u?
8
Suppose 16*s = 21*s - 10. Let g be s/9 + 4829/99. Calculate the greatest common factor of 7 and g.
7
Let m(q) = 3*q**2 + 3*q + 1. Suppose -c - c = l - 8, 10 = 5*l + 4*c. Let t be m(l). What is the highest common factor of 28 and t?
7
Let z = 19 + 69. Let q be 3/(-3) + (26 - 3). What is the greatest common divisor of z and q?
22
Let h(s) = 27*s**3 + s**2 + s - 1. Let x be h(1). What is the highest common divisor of 4 and x?
4
Let w = 149 + -123. Suppose 28 = q - 37. What is the highest common factor of w and q?
13
Suppose f + 3*f - 5*d - 328 = 0, 393 = 5*f - 2*d. Let h be 8 + 0 + 1 + -2. Calculate the highest common divisor of f and h.
7
Suppose 77 - 17 = b. What is the greatest common factor of b and 30?
30
Let k(s) = 4*s + 130. Let r be k(0). Calculate the greatest common divisor of r and 26.
26
Let n(i) = 4*i**2 + i. Let b(a) = a**2 + 7*a - 9. Let u be b(-8). Let y be n(u). Let s be -13*y/(-6)*2. Calculate the greatest common factor of s and 26.
13
Let m be -2 + 0 - (-71 - 3). Calculate the greatest common factor of m and 24.
24
Suppose 2*r = 2*x + 4, -6 + 4 = r + x. Suppose -n = -r*n - 1. What is the highest common divisor of 9 and n?
1
Let x(k) = -3*k - 1. Let u(t) = -1. Let w(s) = 5*u(s) - x(s). Let q be w(12). What is the greatest common divisor of 4 and q?
4
Suppose -2*o = 4*t + 3*o - 85, o - 80 = -5*t. Calculate the highest common factor of 135 and t.
15
Let z(o) = -o**2 + 17*o + 24. Let u be z(11). What is the greatest common factor of u and 36?
18
Let j = 10 - 37. Let h = 90 + j. Suppose -5*y = 4*b - 3, -b = y - 3 + 1. Calculate the greatest common factor of h and b.
7
Suppose -2*j = -4*g + 186, 63 = 2*g - 3*j - 40. What is the highest common factor of g and 66?
22
Let h = -33 - -149. Let i be h - (-3 + -3 + 5). What is the greatest common factor of i and 13?
13
Let u(o) = o + 3. Let c be u(-2). Suppose 0 = -w + 14 + c. Calculate the greatest common divisor of w and 105.
15
Suppose 0 = -12*h + 13*h - 32. Calculate the highest common factor of 288 and h.
32
Let y be 58/18 - 4/18. Let d be 8/y*9/(-4). Let w be 1/(-3) - 722/d. Calculate the highest common factor of w and 15.
15
Let x = 111 + -36. Suppose 5*a - 30 = 5*b, 2*a = 6*b - 2*b + 16. Let t be (-90)/(-4)*a/3. What is the highest common divisor of t and x?
15
Suppose b + 13 = 93. Calculate the greatest common divisor of 10 and b.
10
Suppose 5*p - 144 = -4*w + w, -p = -3*w - 18. What is the highest common factor of 45 and p?
9
Suppose -h + 4*h = 15. Let d(j) = 16*j. Let w be d(h). What is the highest common divisor of 32 and w?
16
Suppose 4*k = 2*f + 78, 29 = 4*k - 4*f - 47. Calculate the highest common divisor of k and 60.
20
Suppose -3*z = -0*z - 792. Calculate the highest common divisor of 24 and z.
24
Let r(g) = 2*g**2 - g + 2*g**3 - 4*g**2 - 3 + 1. Let y be r(2). Calculate the highest common factor of 24 and y.
4
Suppose -176 = -2*r + 3*r. Let n be 14/63 + r/(-18). What is the highest common factor of 2 and n?
2
Let c(r) = r**3 + r**2 - 3. Let g be c(0). Let p = 19 - g. Calculate the greatest common factor of 176 and p.
22
Let g be (-48)/14 - 9/(-21) - -148. What is the greatest common divisor of 29 and g?
29
Let x be (-15)/(-2) - (-1)/(-2). Suppose -3*c = -10*c + 392. What is the greatest common factor of c and x?
7
Suppose 641 + 574 = 5*d. Suppose -2*h + d - 37 = 3*u, 2*h - 346 = -5*u. What is the greatest common factor of u and 28?
14
Let r(u) = -u**3 + 9*u**2 + 3*u - 11. Let k be r(8). Let z be (22/(-6))/(1/(-3)). What is the greatest common divisor of k and z?
11
Let n = -8 - -13. Let r(s) = -s - 3. Let h be r(-5). Suppose -725 = -n*w - 5*v, 0*w - h*v = 3*w - 440. What is the highest common factor of w and 15?
15
Suppose -313 = -5*c + 4*q, -9*q + 6*q = c - 74. Calculate the greatest common divisor of c and 5.
5
Let q be (-2)/((-3)/(-6)*-1). Let j(p) = 83*p**2 - p + 1. Let l be j(1). Suppose -q*m - l = -303. What is the greatest common divisor of m and 11?
11
Let v(g) = -g**3 - 4*g**2 + 2*g - 3. Let d be v(-5). Calculate the greatest common factor of 24 and d.
12
Let m = 60 - 42. Suppose 0 = 2*a + 4*a - 972. Calculate the highest common divisor of a and m.
18
Let n be 30 + -8 + (2 - 0). What is the highest common factor of n and 216?
24
Let w = 59 - -39. What is the highest common factor of 56 and w?
14
Suppose 5*r - 11 = -3*o, -5*o + 4*o + 5 = 3*r. Let u be 16/3*3/o. What is the highest common divisor of u and 56?
8
Suppose 20 = -0*r + 2*r. What is the greatest common divisor of 4 and r?
2
Let p = 14 - -7. What is the highest common factor of 21 and p?
21
Suppose -g + 159 = 5*z, -2 - 1 = 3*g. Suppose 0 = i - 77 + z. Calculate the greatest common factor of i and 9.
9
Suppose 3*m + 2*u - u = 188, 320 = 5*m - 5*u. What is the greatest common divisor of m and 9?
9
Let v(y) = y**3 + 4*y**2 - y. Let j be (2/5)/((-1)/5). Let b be v(j). Let o = -12 - -17. What is the greatest common factor of b and o?
5
Let r(j) = -118*j**3 - 1. Let y be r(-1). What is the highest common divisor of y and 13?
13
Let q(j) be the second derivative of 2*j + 0 - 5/6*j**3 - 1/2*j**2. Let a be q(-3). What is the greatest common factor of 70 and a?
14
Let v(j) be the first derivative of -j**2/2 + 2*j + 2. Let z be v(1). Let g be (z - -65) + -5 + 4. What is the highest common divisor of 26 and g?
13
Let o(x) = x**2 - 2*x - 10. Let q be o(5). Let h(j) = -j**3 + 5*j**2 + 8*j - 7. Let t be h(6). What is the greatest common divisor of t and q?
5
Let a be (-232)/(-10) - 4/20. Calculate the greatest common factor of a and 161.
23
Suppose -4*k + 0 = -4. Let l be (-69)/(-12) + k/4. Suppose 4*g + 3*n = -2*n + 202, -g + 46 = -n. Calculate the greatest common divisor of g and l.
6
Let i = -7 - -12. Suppose -5*l - 2*j = -i*j - 534, 0 = 4*l - j - 423. Calculate the greatest common divisor of 15 and l.
15
Suppose 4*c - 3 + 7 = 3*w, -1 = 3*w + c. Suppose 1 = -3*l - 4*z, w*z - 9 = -l + z. Suppose -l*d + 2*d = -36. What is the greatest common factor of 8 and d?
4
Suppose 44*z + 24 = 48*z. Let l be 5/7 + (-2)/(-7). Suppose 3*v = -2*g + 81 + l, v + 2*g = 22. Calculate the greatest common factor of z and v.
6
Suppose 5*p + 50 = 2*r - 2, -2*p + 78 = 3*r. Let u = r - 8. Let m(o) = -o**3 - o**2 + 4*o + 6. Let q be m(-6). What is the highest common factor of q and u?
18
Let b be (-1 - -19)*75/10. Calculate the highest common factor of 15 and b.
15
Let y(r) = r**2 + r + 350. Let l be y(0). Suppose 0*d - l = -3*d + 2*p, 0 = 4*d - p - 470. Suppose 27 = -h + d. What is the greatest common divisor of 13 and h?
13
Let d = 16 - 32. Let l be d/(-5) - 6/30. Calculate the highest common divisor of l and 6.
3
Let g(d) be the second derivative of d**4/12 - d**3/2 + 2*d**2 - d. Let v = -3 + 8. Let c be g(v). Calculate the greatest common factor of 35 and c.
7
Let b be (-8)/(-1 - (0 - 0)). Let g(j) = j**3 - 4*j**2 + j + 4. Let k be g(4). What is the highest common factor of b and k?
8
Let v = -38 + 79. What is the highest common divisor of 123 and v?
41
Suppose -5*n + 8 = 3*m, -2*m = -2*n + n - 27. Let k = m + -9. What is the highest common divisor of 4 and k?
2
Suppose 0 = -5*q, h - 13 + 5 = -2*q. Suppose 6 + 18 = 3*j. Calculate the greatest common factor of j and h.
8
Let a(u) = -4*u - 21. Let g be a(-10). Let x be (-1 - 1 - g)/(-1). Calculate the highest common divisor of x and 231.
21
Let m(f) = f**3 - 3*f**2 - 5*f - 4. Let a be m(5). What is the greatest common divisor of a and 14?
7
Let m = 39 - 27. Let i(l) = 22*l - 2. Suppose -d - 3*d = -20. Let y be i(d). What is the greatest common factor of y and m?
12
Let h = -2 + 2. Suppose h = -p + 5*p - 420. Let k = -22 + 37. What is the greatest common factor of k and p?
15
Let g be (-93)/(7/(42/(-9))). What is the highest common factor of g and 155?
31
Let u(p) = -p + 48. Let o be u(0). What is the greatest common divisor of 72 and o?
24
Suppose -3*v = -3*i - 8 + 2, i - 3*v = 0.